{"id":115,"date":"2020-10-05T12:18:15","date_gmt":"2020-10-05T12:18:15","guid":{"rendered":"https:\/\/maisonfuneraire-stjean.myskydoowebsite.com\/?page_id=115"},"modified":"2024-05-23T08:31:43","modified_gmt":"2024-05-23T08:31:43","slug":"prevoyances-obseques","status":"publish","type":"page","link":"https:\/\/maisonfuneraire-stjean.myskydoowebsite.com\/?page_id=115","title":{"rendered":"Pr\u00e9voyance obs\u00e8ques"},"content":{"rendered":"\t\t<div data-elementor-type=\"wp-page\" data-elementor-id=\"115\" class=\"elementor elementor-115\" data-elementor-post-type=\"page\">\n\t\t\t\t\t\t<section class=\"elementor-section elementor-top-section elementor-element elementor-element-e487b58 elementor-section-full_width elementor-section-height-default elementor-section-height-default\" data-id=\"e487b58\" data-element_type=\"section\" data-e-type=\"section\">\n\t\t\t\t\t\t<div class=\"elementor-container elementor-column-gap-no\">\n\t\t\t\t\t<div class=\"elementor-column elementor-col-100 elementor-top-column elementor-element elementor-element-67d4ff1\" data-id=\"67d4ff1\" data-element_type=\"column\" data-e-type=\"column\">\n\t\t\t<div class=\"elementor-widget-wrap elementor-element-populated\">\n\t\t\t\t\t\t<div class=\"elementor-element elementor-element-1574b92 elementor--h-position-left elementor--v-position-bottom elementor-widget elementor-widget-global elementor-global-190 elementor-widget-slides\" data-id=\"1574b92\" data-element_type=\"widget\" data-e-type=\"widget\" data-settings=\"{&quot;navigation&quot;:&quot;none&quot;,&quot;autoplay_speed&quot;:10000,&quot;autoplay&quot;:&quot;yes&quot;,&quot;pause_on_hover&quot;:&quot;yes&quot;,&quot;pause_on_interaction&quot;:&quot;yes&quot;,&quot;infinite&quot;:&quot;yes&quot;,&quot;transition&quot;:&quot;slide&quot;,&quot;transition_speed&quot;:500}\" data-widget_type=\"slides.default\">\n\t\t\t\t<div class=\"elementor-widget-container\">\n\t\t\t\t\t\t\t\t\t<div class=\"elementor-swiper\">\n\t\t\t\t\t<div class=\"elementor-slides-wrapper elementor-main-swiper swiper\" role=\"region\" aria-roledescription=\"carousel\" aria-label=\"Diapositives\" dir=\"ltr\" data-animation=\"fadeInLeft\">\n\t\t\t\t<div class=\"swiper-wrapper elementor-slides\">\n\t\t\t\t\t\t\t\t\t\t<div class=\"elementor-repeater-item-cb00831 swiper-slide\" role=\"group\" aria-roledescription=\"slide\"><div class=\"swiper-slide-bg\" role=\"img\" aria-label=\"Produits vendus par la maison fun\u00e9raire Fossoises avec une pr\u00e9sentation de cercueils, d&#039;urnes, d&#039;ornement de tombe et de composition florales.\"><\/div><a class=\"swiper-slide-inner\" href=\"tel:0032489281515\"><div class=\"swiper-slide-contents\"><div class=\"elementor-slide-heading\">Nous sommes l\u00e0 pour vous<\/div><div class=\"elementor-slide-description\">0489\/281.515<\/div><\/div><\/a><\/div><div class=\"elementor-repeater-item-4dbfc50 swiper-slide\" role=\"group\" aria-roledescription=\"slide\"><div class=\"swiper-slide-bg\" role=\"img\" aria-label=\"Photo d&#039;accueil de la boutique de pompe fun\u00e8bre Fossoises, cercueils en bois, urnes et composition florales.\"><\/div><a class=\"swiper-slide-inner\" href=\"tel:0032489281515\"><div class=\"swiper-slide-contents\"><div class=\"elementor-slide-heading\">Nous sommes l\u00e0 pour vous<\/div><div class=\"elementor-slide-description\">0489\/281.515<\/div><\/div><\/a><\/div>\t\t\t\t<\/div>\n\t\t\t\t\t\t\t\t\t\t\t\t\t\t\t\t\t\t\t\t\t<\/div>\n\t\t\t\t<\/div>\n\t\t\t\t\t\t\t\t<\/div>\n\t\t\t\t<\/div>\n\t\t\t\t\t<\/div>\n\t\t<\/div>\n\t\t\t\t\t<\/div>\n\t\t<\/section>\n\t\t<div class=\"elementor-element elementor-element-84e1934 e-flex e-con-boxed e-con e-parent\" data-id=\"84e1934\" data-element_type=\"container\" data-e-type=\"container\">\n\t\t\t\t\t<div class=\"e-con-inner\">\n\t\t<div class=\"elementor-element elementor-element-96f0549 e-con-full e-flex e-con e-child\" data-id=\"96f0549\" data-element_type=\"container\" data-e-type=\"container\">\n\t\t\t\t<div class=\"elementor-element elementor-element-a2f8b16 elementor-widget elementor-widget-heading\" data-id=\"a2f8b16\" data-element_type=\"widget\" data-e-type=\"widget\" data-widget_type=\"heading.default\">\n\t\t\t\t<div class=\"elementor-widget-container\">\n\t\t\t\t\t<h1 class=\"elementor-heading-title elementor-size-default\">Vos derni\u00e8res volont\u00e9s respect\u00e9es <br>gr\u00e2ce \u00e0 l\u2019assurance d\u00e9c\u00e8s<\/h1>\t\t\t\t<\/div>\n\t\t\t\t<\/div>\n\t\t\t\t<div class=\"elementor-element elementor-element-66f3dca elementor-widget-divider--view-line elementor-widget elementor-widget-divider\" data-id=\"66f3dca\" data-element_type=\"widget\" data-e-type=\"widget\" data-widget_type=\"divider.default\">\n\t\t\t\t<div class=\"elementor-widget-container\">\n\t\t\t\t\t\t\t<div class=\"elementor-divider\">\n\t\t\t<span class=\"elementor-divider-separator\">\n\t\t\t\t\t\t<\/span>\n\t\t<\/div>\n\t\t\t\t\t\t<\/div>\n\t\t\t\t<\/div>\n\t\t\t\t<div class=\"elementor-element elementor-element-9737dea elementor-widget elementor-widget-text-editor\" data-id=\"9737dea\" data-element_type=\"widget\" data-e-type=\"widget\" data-widget_type=\"text-editor.default\">\n\t\t\t\t<div class=\"elementor-widget-container\">\n\t\t\t\t\t\t\t\t\t<p>Des fun\u00e9railles constituent une charge financi\u00e8re importante pour votre famille et repr\u00e9sentent un stress suppl\u00e9mentaire en p\u00e9riode de deuil. Afin de soulager vos proches de ce poids et pour b\u00e9n\u00e9ficier de fun\u00e9railles sur mesure, faites confiance aux Pompes Fun\u00e8bres Fossoises. Ces derni\u00e8res proposent leur expertise en mati\u00e8re d\u2019<strong>assurance d\u00e9c\u00e8s\u00a0<\/strong><strong>\u00e0<\/strong>\u00a0<strong>Fosses-la-Ville<\/strong>, dans toute la Belgique et \u00e0 l&rsquo;\u00e9tranger.<\/p>\t\t\t\t\t\t\t\t<\/div>\n\t\t\t\t<\/div>\n\t\t\t\t<\/div>\n\t\t\t\t\t<\/div>\n\t\t\t\t<\/div>\n\t\t<div class=\"elementor-element elementor-element-21d4f4c e-flex e-con-boxed e-con e-parent\" data-id=\"21d4f4c\" data-element_type=\"container\" data-e-type=\"container\">\n\t\t\t\t\t<div class=\"e-con-inner\">\n\t\t<div class=\"elementor-element elementor-element-acd1ab6 e-con-full e-flex e-con e-child\" data-id=\"acd1ab6\" data-element_type=\"container\" data-e-type=\"container\">\n\t\t\t\t<div class=\"elementor-element elementor-element-f46ec20 elementor-widget elementor-widget-heading\" data-id=\"f46ec20\" data-element_type=\"widget\" data-e-type=\"widget\" data-widget_type=\"heading.default\">\n\t\t\t\t<div class=\"elementor-widget-container\">\n\t\t\t\t\t<h2 class=\"elementor-heading-title elementor-size-default\">Votre sp\u00e9cialiste en assurance mortuaire<\/h2>\t\t\t\t<\/div>\n\t\t\t\t<\/div>\n\t\t\t\t<div class=\"elementor-element elementor-element-46238f9 elementor-widget-divider--view-line elementor-widget elementor-widget-divider\" data-id=\"46238f9\" data-element_type=\"widget\" data-e-type=\"widget\" data-widget_type=\"divider.default\">\n\t\t\t\t<div class=\"elementor-widget-container\">\n\t\t\t\t\t\t\t<div class=\"elementor-divider\">\n\t\t\t<span class=\"elementor-divider-separator\">\n\t\t\t\t\t\t<\/span>\n\t\t<\/div>\n\t\t\t\t\t\t<\/div>\n\t\t\t\t<\/div>\n\t\t\t\t<div class=\"elementor-element elementor-element-912513e elementor-widget elementor-widget-text-editor\" data-id=\"912513e\" data-element_type=\"widget\" data-e-type=\"widget\" data-widget_type=\"text-editor.default\">\n\t\t\t\t<div class=\"elementor-widget-container\">\n\t\t\t\t\t\t\t\t\t<p>Afin que vos\u00a0<strong>derni\u00e8res volont\u00e9s soient respect\u00e9es<\/strong>\u00a0et que vous ne soyez une charge pour vos proches, plusieurs possibilit\u00e9s existent\u00a0:<\/p><ul><li>La signature d\u2019un document officiel aupr\u00e8s des Pompes Fun\u00e8bres Fossoises<\/li><li>La r\u00e9alisation d\u2019un testament chez votre notaire<\/li><li>La souscription d\u2019un contrat aupr\u00e8s d\u2019une compagnie d\u2019assurance<\/li><\/ul><p>Les Pompes Fun\u00e8bres Fossoises vous proposent n\u00e9anmoins\u00a0<strong>la solution id\u00e9ale<\/strong>. \u00c9tant agent Corona, elles vous proposent de souscrire \u00e0 un\u00a0<strong>contrat reprenant vos souhaits<\/strong>. Vos fun\u00e9railles seront ainsi enti\u00e8rement assur\u00e9es\u00a0par l\u2019\u00e9tablissement Fossoises\u00a0:<\/p><ul><li>La prise en charge administrative de A \u00e0 Z (prise de rendez-vous avec le cimeti\u00e8re ou le cr\u00e9matorium, cl\u00f4ture des comptes, prise de contact avec la r\u00e9gie des eaux, etc.)<\/li><li>Le transfert du corps vers\/depuis la Belgique ou l&rsquo;\u00e9tranger<\/li><li>Des fun\u00e9railles \u00e0 domicile (pour une veill\u00e9e fun\u00e8bre chez vous)<\/li><li>La c\u00e9r\u00e9monie religieuse ou civile<\/li><li>L&#8217;embaumement \u00e9ventuel<\/li><li>L&rsquo;incin\u00e9ration ou l&rsquo;inhumation<\/li><li>Le retour de deuil (collation ou repas)<\/li><\/ul>\t\t\t\t\t\t\t\t<\/div>\n\t\t\t\t<\/div>\n\t\t\t\t<\/div>\n\t\t<div class=\"elementor-element elementor-element-ff7166e e-con-full e-flex e-con e-child\" data-id=\"ff7166e\" data-element_type=\"container\" data-e-type=\"container\" data-settings=\"{&quot;background_background&quot;:&quot;classic&quot;}\">\n\t\t\t\t<\/div>\n\t\t\t\t\t<\/div>\n\t\t\t\t<\/div>\n\t\t\t\t<\/div>\n\t\t","protected":false},"excerpt":{"rendered":"<p>Nous sommes l\u00e0 pour vous0489\/281.515Nous sommes l\u00e0 pour vous0489\/281.515 Vos derni\u00e8res volont\u00e9s respect\u00e9es gr\u00e2ce \u00e0 l\u2019assurance d\u00e9c\u00e8s Des fun\u00e9railles constituent une charge financi\u00e8re importante pour votre famille et repr\u00e9sentent un stress suppl\u00e9mentaire en p\u00e9riode de deuil. Afin de soulager vos proches de ce poids et pour b\u00e9n\u00e9ficier de fun\u00e9railles sur mesure, faites confiance aux Pompes [&hellip;]<\/p>\n","protected":false},"author":1,"featured_media":0,"parent":0,"menu_order":0,"comment_status":"closed","ping_status":"closed","template":"elementor_header_footer","meta":{"footnotes":""},"class_list":["post-115","page","type-page","status-publish","hentry"],"_links":{"self":[{"href":"https:\/\/maisonfuneraire-stjean.myskydoowebsite.com\/index.php?rest_route=\/wp\/v2\/pages\/115","targetHints":{"allow":["GET"]}}],"collection":[{"href":"https:\/\/maisonfuneraire-stjean.myskydoowebsite.com\/index.php?rest_route=\/wp\/v2\/pages"}],"about":[{"href":"https:\/\/maisonfuneraire-stjean.myskydoowebsite.com\/index.php?rest_route=\/wp\/v2\/types\/page"}],"author":[{"embeddable":true,"href":"https:\/\/maisonfuneraire-stjean.myskydoowebsite.com\/index.php?rest_route=\/wp\/v2\/users\/1"}],"replies":[{"embeddable":true,"href":"https:\/\/maisonfuneraire-stjean.myskydoowebsite.com\/index.php?rest_route=%2Fwp%2Fv2%2Fcomments&post=115"}],"version-history":[{"count":31,"href":"https:\/\/maisonfuneraire-stjean.myskydoowebsite.com\/index.php?rest_route=\/wp\/v2\/pages\/115\/revisions"}],"predecessor-version":[{"id":562,"href":"https:\/\/maisonfuneraire-stjean.myskydoowebsite.com\/index.php?rest_route=\/wp\/v2\/pages\/115\/revisions\/562"}],"wp:attachment":[{"href":"https:\/\/maisonfuneraire-stjean.myskydoowebsite.com\/index.php?rest_route=%2Fwp%2Fv2%2Fmedia&parent=115"}],"curies":[{"name":"wp","href":"https:\/\/api.w.org\/{rel}","templated":true}]}}